{"id":48,"date":"2016-11-17T13:20:45","date_gmt":"2016-11-17T13:20:45","guid":{"rendered":"http:\/\/new.kernwerk-astro.nl\/?page_id=48"},"modified":"2025-11-23T11:24:14","modified_gmt":"2025-11-23T11:24:14","slug":"consulten","status":"publish","type":"page","link":"http:\/\/www.kernwerk-astro.nl\/index.php\/consulten\/","title":{"rendered":"Consulten"},"content":{"rendered":"<p>In het astrologisch consult staan het zielsverlangen en de bezieling, dat wat je ten diepste hier op aarde wenst uit te drukken, centraal. Zij vormen een gegeven dat als een rode draad in je leven aanwezig is. Je maakt hierbij gebruik van je zielenkwaliteit, je meest oorspronkelijke kwaliteit, die niet door studie wordt verworven maar die gegeven is en door je heen tot uitdrukking komt, als je daar voor open staat.<br \/>\nDe horoscoop biedt een heel doeltreffend middel om inzicht te verkrijgen in de mogelijkheden, wensen, behoeften en kwaliteiten van de mens maar bovenal in de diepste drijfveren waar je in je leven door bewogen wordt.<\/p>\n<p>De horoscoop geeft in beeldentaal het energieveld weer, waar de mens zich in bevindt.<br \/>\nHet krachtenveld tussen je meest wezenlijke wensen, behoeften, talenten en kwaliteiten en de weerstanden of de belemmeringen die het uitdrukken hiervan bemoeilijken en die om een eigen antwoord vragen.<\/p>\n<p>Welke hulp op je levensweg voorhanden is en hoe je daarop kunt afstemmen.<\/p>\n<p>In de ontwikkeling van de mens zijn in de loop van het leven verschillende stadia te onderscheiden,\u00a0 waarin een verschillend app\u00e8l op hem wordt gedaan.<\/p>\n<p>Elke levensfase vraagt een bepaalde inzet, om spanningen te leren hanteren, blokkerende energie\u00ebn te beantwoorden en kwaliteiten naar buiten te brengen.<\/p>\n<p>In de duiding van de horoscoop wordt zichtbaar welke energie\u00ebn op een bepaald moment in het leven aan de orde zijn en welke stap daarin gevraagd wordt.<br \/>\nDe horoscoop laat elk moment in de tijd weer zien, hoe je in contact kunt komen met je bezieling, met wat je het liefste is en in overeenstemming hiermee kunt handelen.<\/p>\n<h5>Vormen van een consult<\/h5>\n<p>De <em>geboortehoroscoop<\/em> geeft het patroon weer dat sterren en planeten op het moment van geboorte met elkaar vormen en geeft daarmee een beeld van de energie\u00ebn zoals deze in aanleg in de mens aanwezig zijn.<br \/>\nDeze horoscoop omvat alle mogelijkheden zoals die hierboven zijn beschreven.<br \/>\nNaast de concrete duiding is er tijd en ruimte om op persoonlijke levensvragen in te gaan.<br \/>\nDeze worden, in gesprek, vanuit de horoscoop belicht.<\/p>\n<p>De <em>actuele horoscoop<\/em> geeft aan welke thema\u2019s op dit moment en in de komende periode in je leven spelen en welke ontwikkeling daarin gevraagd wordt.<br \/>\nDeze vorm van horoscoopduiding is geschikt voor mensen die al eerder een horoscoop hebben laten trekken en hun basisenergie\u00ebn kennen. Dit consult duurt ongeveer een uur en hier wordt met name in gegaan op persoonlijke levensvragen.<\/p>\n<p>De <em>relatiehoroscoop<\/em> geeft de energie\u00ebn weer die aanwezig zijn in een relatie tussen een of meerdere personen. Duidelijk wordt welke mogelijkheden de relatie heeft, waar de relatie naar toe kan groeien, wat je van elkaar kunt leren, waar tegenstrijdige wensen en behoeften kunnen botsen en waar deze samen kunnen komen.<br \/>\nVoor deze horoscoop zijn de gegevens van beide personen nodig en het is een voorwaarde dat beide personen aanwezig zijn bij het consult.<\/p>\n<p>De <em>kinderhoroscoop<\/em> geeft aanleg en mogelijkheden van uw kind weer. Er wordt gekeken naar de basisenergie\u00ebn van het kind. Naar energie\u00ebn die goed samengaan en een kwaliteit weergeven en naar energie\u00ebn die botsen, tegenstrijdige behoeften weergeven en om een antwoord vragen. Er wordt op vakkundige wijze gekeken naar de voorwaarden en condities die het kind kunnen helpen om zijn eigen aard te ontplooien.<\/p>\n<p>Ook m.b.t. opvoedingsproblemen en schoolproblemen geeft een horoscoop helder inzicht in oorzaak en mogelijkheden tot de aanpak hiervan.<\/p>\n<p>Soms is het noodzakelijk de kinderhoroscoop in combinatie met die van de ouders, broers of zussen te bekijken.<\/p>\n<h5>Praktische informatie<\/h5>\n<p>De gegevens die nodig zijn om een horoscoop te kunnen maken zijn:<\/p>\n<ul>\n<li>de geboortedatum<\/li>\n<li>de geboortetijd, zo nauwkeurig mogelijk<\/li>\n<li>de geboorteplaats<\/li>\n<\/ul>\n<h5>Tarieven<\/h5>\n<p>Het tarief is 140 euro voor het eerste uur (hier zit ook de voorbereiding in) en 175 euro voor anderhalf uur. Voor relatiehoroscopen geldt een toeslag van 45 euro vanwege de extra voorbereiding.<\/p>\n<p>Het consult kan worden opgenomen en wordt dan via &#8216;we transfer&#8217; naar uw mailadres verzonden. U kunt ook zelf een opname maken met uw telefoon.<\/p>\n<h5>Skypeconsult<\/h5>\n<p>Voor mensen die ver weg wonen of wegens Corona een consult op afstand willen, is er ook de mogelijkheid een consult via skype te verkrijgen.<\/p>\n<p>Ik werk het prettigst in het directe contact\u00a0 maar skype biedt een goed alternatief.<\/p>\n","protected":false},"excerpt":{"rendered":"<p>In het astrologisch consult staan het zielsverlangen en de bezieling, dat wat je ten diepste hier op aarde wenst uit te drukken, centraal. Zij vormen een gegeven dat als een rode draad in je leven aanwezig is. Je maakt hierbij gebruik van je zielenkwaliteit, je meest oorspronkelijke kwaliteit, die niet door studie wordt verworven maar &hellip; <a href=\"http:\/\/www.kernwerk-astro.nl\/index.php\/consulten\/\" class=\"more-link\">Lees verder <span class=\"screen-reader-text\">&#8220;Consulten&#8221;<\/span><\/a><\/p>\n","protected":false},"author":2,"featured_media":0,"parent":0,"menu_order":0,"comment_status":"closed","ping_status":"closed","template":"","meta":{"footnotes":""},"class_list":["post-48","page","type-page","status-publish","hentry"],"_links":{"self":[{"href":"http:\/\/www.kernwerk-astro.nl\/index.php\/wp-json\/wp\/v2\/pages\/48","targetHints":{"allow":["GET"]}}],"collection":[{"href":"http:\/\/www.kernwerk-astro.nl\/index.php\/wp-json\/wp\/v2\/pages"}],"about":[{"href":"http:\/\/www.kernwerk-astro.nl\/index.php\/wp-json\/wp\/v2\/types\/page"}],"author":[{"embeddable":true,"href":"http:\/\/www.kernwerk-astro.nl\/index.php\/wp-json\/wp\/v2\/users\/2"}],"replies":[{"embeddable":true,"href":"http:\/\/www.kernwerk-astro.nl\/index.php\/wp-json\/wp\/v2\/comments?post=48"}],"version-history":[{"count":8,"href":"http:\/\/www.kernwerk-astro.nl\/index.php\/wp-json\/wp\/v2\/pages\/48\/revisions"}],"predecessor-version":[{"id":275,"href":"http:\/\/www.kernwerk-astro.nl\/index.php\/wp-json\/wp\/v2\/pages\/48\/revisions\/275"}],"wp:attachment":[{"href":"http:\/\/www.kernwerk-astro.nl\/index.php\/wp-json\/wp\/v2\/media?parent=48"}],"curies":[{"name":"wp","href":"https:\/\/api.w.org\/{rel}","templated":true}]}}